{"id":109,"date":"2019-08-16T20:58:04","date_gmt":"2019-08-16T18:58:04","guid":{"rendered":"http:\/\/cofradiasanantonmurcia.com\/?page_id=109"},"modified":"2024-09-10T12:37:46","modified_gmt":"2024-09-10T10:37:46","slug":"himno-3","status":"publish","type":"page","link":"https:\/\/cofradiasanantonmurcia.com\/index.php\/himno-3\/","title":{"rendered":"Himno"},"content":{"rendered":"<h2>&nbsp;<\/h2>\n<h2 style=\"text-align: center;\">HIMNO A SAN ANT\u00d3N<\/h2>\n<p>&nbsp;<\/p>\n<style>\n    h2 { color: #85490D; }<br \/>  <\/style>\n<p style=\"text-align: center;\"><em><strong>Caminando por el desierto,<\/strong><\/em><\/p>\n<p style=\"text-align: center;\"><em><strong>con polvo y hambre, calor y sed,<\/strong><\/em><\/p>\n<p style=\"text-align: center;\"><em><strong>va San Antonio, muy solitario,<\/strong><\/em><\/p>\n<p style=\"text-align: center;\"><em><strong>tan s\u00f3lo lleno de amor y fe.<\/strong><\/em><\/p>\n<p style=\"text-align: center;\"><em><strong>&nbsp;<\/strong><\/em><\/p>\n<p style=\"text-align: center;\"><em><strong>Todas tus cosas las repartiste,<\/strong><\/em><\/p>\n<p style=\"text-align: center;\"><em><strong>entre los pobres, con gran amor,<\/strong><\/em><\/p>\n<p style=\"text-align: center;\"><em><strong>s\u00f3lo buscabas enriquecerte<\/strong><\/em><\/p>\n<p style=\"text-align: center;\"><em><strong>con las grandezas de nuestro Dios<\/strong><\/em><\/p>\n<p style=\"text-align: center;\"><em><strong>&nbsp;<\/strong><\/em><\/p>\n<p style=\"text-align: center;\"><em><strong>\u00a1OH, BONDADOSO, SAN ANT\u00d3N ABAD!<\/strong><\/em><\/p>\n<p style=\"text-align: center;\"><em><strong>T\u00da QUE SALISTE VICTORIOSO,<\/strong><\/em><\/p>\n<p style=\"text-align: center;\"><em><strong>T\u00da QUE SALISTE VICTORIOSO<\/strong><\/em><\/p>\n<p style=\"text-align: center;\"><em><strong>EN LA LUCHA, EN LA LUCHA CONTRA EL MAL.<\/strong><\/em><\/p>\n<p style=\"text-align: center;\"><em><strong>\u00a1AY\u00daDANOS, AY\u00daDANOS,<\/strong><\/em><\/p>\n<p style=\"text-align: center;\"><em><strong>A HACER DE LA IGLESIA NUESTRO HOGAR!<\/strong><\/em><\/p>\n<p style=\"text-align: center;\"><em><strong>\u00a1AY\u00daDANOS, AY\u00daDANOS,<\/strong><\/em><\/p>\n<p style=\"text-align: center;\"><em><strong>A CRECER EN LA FE Y LA CARIDAD!<\/strong><\/em><\/p>\n<p style=\"text-align: center;\"><em><strong>&nbsp;<\/strong><\/em><\/p>\n<p style=\"text-align: center;\"><em><strong>Bendijiste a los animales,<\/strong><\/em><\/p>\n<p style=\"text-align: center;\"><em><strong>peque\u00f1os, grandes, sin descansar.<\/strong><\/em><\/p>\n<p style=\"text-align: center;\"><em><strong>Todos te quieren y te respetan<\/strong><\/em><\/p>\n<p style=\"text-align: center;\"><em><strong>y a todos llega tu gran bondad.<\/strong><\/em><\/p>\n<p style=\"text-align: center;\"><em><strong>&nbsp;<\/strong><\/em><\/p>\n<p style=\"text-align: center;\"><em><strong>Consolaste a los afligidos,<\/strong><\/em><\/p>\n<p style=\"text-align: center;\"><em><strong>los escuchaste, les diste Paz.<\/strong><\/em><\/p>\n<p style=\"text-align: center;\"><em><strong>Y la esperanza sembraste en ellos<\/strong><\/em><\/p>\n<p style=\"text-align: center;\"><em><strong>al bendecirles tambi\u00e9n el pan.<\/strong><\/em><\/p>\n<p style=\"text-align: center;\"><em><strong>&nbsp;<\/strong><\/em><\/p>\n<p style=\"text-align: center;\"><em><strong>(ESTRIBILLO)<\/strong><\/em><\/p>\n<p style=\"text-align: center;\"><em><strong>\u00a1GLORIA A TI, SAN ANT\u00d3N ABAD!<\/strong><\/em><\/p>\n<style>\n    p { color: #85490D; }<br \/><\/style>\n","protected":false},"excerpt":{"rendered":"<p>&nbsp; HIMNO A SAN ANT\u00d3N &nbsp; Caminando por el desierto, con polvo y hambre, calor y sed, va San Antonio, muy solitario, tan s\u00f3lo lleno de amor y fe. &nbsp; Todas tus cosas las repartiste, entre los pobres, con gran amor, s\u00f3lo&hellip;<\/p>\n","protected":false},"author":1,"featured_media":0,"parent":0,"menu_order":0,"comment_status":"closed","ping_status":"closed","template":"","meta":{"_monsterinsights_skip_tracking":false,"_monsterinsights_sitenote_active":false,"_monsterinsights_sitenote_note":"","_monsterinsights_sitenote_category":0,"ngg_post_thumbnail":0,"footnotes":""},"class_list":["post-109","page","type-page","status-publish","hentry"],"yoast_head":"<!-- This site is optimized with the Yoast SEO plugin v17.9 - https:\/\/yoast.com\/wordpress\/plugins\/seo\/ -->\n<title>Himno<\/title>\n<meta name=\"robots\" content=\"index, follow, max-snippet:-1, max-image-preview:large, max-video-preview:-1\" \/>\n<link rel=\"canonical\" href=\"https:\/\/cofradiasanantonmurcia.com\/index.php\/himno-3\/\" \/>\n<meta property=\"og:locale\" content=\"es_ES\" \/>\n<meta property=\"og:type\" content=\"article\" \/>\n<meta property=\"og:title\" content=\"Himno\" \/>\n<meta property=\"og:description\" content=\"&nbsp; HIMNO A SAN ANT\u00d3N &nbsp; Caminando por el desierto, con polvo y hambre, calor y sed, va San Antonio, muy solitario, tan s\u00f3lo lleno de amor y fe. &nbsp; Todas tus cosas las repartiste, entre los pobres, con gran amor, s\u00f3lo&hellip;\" \/>\n<meta property=\"og:url\" content=\"https:\/\/cofradiasanantonmurcia.com\/index.php\/himno-3\/\" \/>\n<meta property=\"og:site_name\" content=\"Real y Muy Ilustre Cofrad\u00eda de San Ant\u00f3n\" \/>\n<meta property=\"article:publisher\" content=\"https:\/\/www.facebook.com\/RealYMuyIlustreCofradiaSanAntonMurcia\/\" \/>\n<meta property=\"article:modified_time\" content=\"2024-09-10T10:37:46+00:00\" \/>\n<meta name=\"twitter:card\" content=\"summary_large_image\" \/>\n<meta name=\"twitter:site\" content=\"@sanantoncofrad\" \/>\n<meta name=\"twitter:label1\" content=\"Tiempo de lectura\" \/>\n\t<meta name=\"twitter:data1\" content=\"1 minuto\" \/>\n<script type=\"application\/ld+json\" class=\"yoast-schema-graph\">{\"@context\":\"https:\/\/schema.org\",\"@graph\":[{\"@type\":\"Organization\",\"@id\":\"http:\/\/cofradiasanantonmurcia.com\/#organization\",\"name\":\"Real y Muy Ilustre Cofrad\\u00eda de San Ant\\u00f3n\",\"url\":\"http:\/\/cofradiasanantonmurcia.com\/\",\"sameAs\":[\"https:\/\/www.facebook.com\/RealYMuyIlustreCofradiaSanAntonMurcia\/\",\"https:\/\/www.instagram.com\/cofradiasananton\/\",\"https:\/\/twitter.com\/sanantoncofrad\"],\"logo\":{\"@type\":\"ImageObject\",\"@id\":\"http:\/\/cofradiasanantonmurcia.com\/#logo\",\"inLanguage\":\"es\",\"url\":\"http:\/\/cofradiasanantonmurcia.com\/wp-content\/uploads\/2019\/08\/FB_IMG_1517187655267-1.jpg\",\"contentUrl\":\"http:\/\/cofradiasanantonmurcia.com\/wp-content\/uploads\/2019\/08\/FB_IMG_1517187655267-1.jpg\",\"width\":1030,\"height\":1700,\"caption\":\"Real y Muy Ilustre Cofrad\\u00eda de San Ant\\u00f3n\"},\"image\":{\"@id\":\"http:\/\/cofradiasanantonmurcia.com\/#logo\"}},{\"@type\":\"WebSite\",\"@id\":\"http:\/\/cofradiasanantonmurcia.com\/#website\",\"url\":\"http:\/\/cofradiasanantonmurcia.com\/\",\"name\":\"Real y Muy Ilustre Cofrad\\u00eda de San Ant\\u00f3n\",\"description\":\"Web oficial\",\"publisher\":{\"@id\":\"http:\/\/cofradiasanantonmurcia.com\/#organization\"},\"potentialAction\":[{\"@type\":\"SearchAction\",\"target\":{\"@type\":\"EntryPoint\",\"urlTemplate\":\"http:\/\/cofradiasanantonmurcia.com\/?s={search_term_string}\"},\"query-input\":\"required name=search_term_string\"}],\"inLanguage\":\"es\"},{\"@type\":\"WebPage\",\"@id\":\"https:\/\/cofradiasanantonmurcia.com\/index.php\/himno-3\/#webpage\",\"url\":\"https:\/\/cofradiasanantonmurcia.com\/index.php\/himno-3\/\",\"name\":\"Himno\",\"isPartOf\":{\"@id\":\"http:\/\/cofradiasanantonmurcia.com\/#website\"},\"datePublished\":\"2019-08-16T18:58:04+00:00\",\"dateModified\":\"2024-09-10T10:37:46+00:00\",\"breadcrumb\":{\"@id\":\"https:\/\/cofradiasanantonmurcia.com\/index.php\/himno-3\/#breadcrumb\"},\"inLanguage\":\"es\",\"potentialAction\":[{\"@type\":\"ReadAction\",\"target\":[\"https:\/\/cofradiasanantonmurcia.com\/index.php\/himno-3\/\"]}]},{\"@type\":\"BreadcrumbList\",\"@id\":\"https:\/\/cofradiasanantonmurcia.com\/index.php\/himno-3\/#breadcrumb\",\"itemListElement\":[{\"@type\":\"ListItem\",\"position\":1,\"name\":\"Portada\",\"item\":\"https:\/\/cofradiasanantonmurcia.com\/\"},{\"@type\":\"ListItem\",\"position\":2,\"name\":\"Himno\"}]}]}<\/script>\n<!-- \/ Yoast SEO plugin. -->","yoast_head_json":{"title":"Himno","robots":{"index":"index","follow":"follow","max-snippet":"max-snippet:-1","max-image-preview":"max-image-preview:large","max-video-preview":"max-video-preview:-1"},"canonical":"https:\/\/cofradiasanantonmurcia.com\/index.php\/himno-3\/","og_locale":"es_ES","og_type":"article","og_title":"Himno","og_description":"&nbsp; HIMNO A SAN ANT\u00d3N &nbsp; Caminando por el desierto, con polvo y hambre, calor y sed, va San Antonio, muy solitario, tan s\u00f3lo lleno de amor y fe. &nbsp; Todas tus cosas las repartiste, entre los pobres, con gran amor, s\u00f3lo&hellip;","og_url":"https:\/\/cofradiasanantonmurcia.com\/index.php\/himno-3\/","og_site_name":"Real y Muy Ilustre Cofrad\u00eda de San Ant\u00f3n","article_publisher":"https:\/\/www.facebook.com\/RealYMuyIlustreCofradiaSanAntonMurcia\/","article_modified_time":"2024-09-10T10:37:46+00:00","twitter_card":"summary_large_image","twitter_site":"@sanantoncofrad","twitter_misc":{"Tiempo de lectura":"1 minuto"},"schema":{"@context":"https:\/\/schema.org","@graph":[{"@type":"Organization","@id":"http:\/\/cofradiasanantonmurcia.com\/#organization","name":"Real y Muy Ilustre Cofrad\u00eda de San Ant\u00f3n","url":"http:\/\/cofradiasanantonmurcia.com\/","sameAs":["https:\/\/www.facebook.com\/RealYMuyIlustreCofradiaSanAntonMurcia\/","https:\/\/www.instagram.com\/cofradiasananton\/","https:\/\/twitter.com\/sanantoncofrad"],"logo":{"@type":"ImageObject","@id":"http:\/\/cofradiasanantonmurcia.com\/#logo","inLanguage":"es","url":"http:\/\/cofradiasanantonmurcia.com\/wp-content\/uploads\/2019\/08\/FB_IMG_1517187655267-1.jpg","contentUrl":"http:\/\/cofradiasanantonmurcia.com\/wp-content\/uploads\/2019\/08\/FB_IMG_1517187655267-1.jpg","width":1030,"height":1700,"caption":"Real y Muy Ilustre Cofrad\u00eda de San Ant\u00f3n"},"image":{"@id":"http:\/\/cofradiasanantonmurcia.com\/#logo"}},{"@type":"WebSite","@id":"http:\/\/cofradiasanantonmurcia.com\/#website","url":"http:\/\/cofradiasanantonmurcia.com\/","name":"Real y Muy Ilustre Cofrad\u00eda de San Ant\u00f3n","description":"Web oficial","publisher":{"@id":"http:\/\/cofradiasanantonmurcia.com\/#organization"},"potentialAction":[{"@type":"SearchAction","target":{"@type":"EntryPoint","urlTemplate":"http:\/\/cofradiasanantonmurcia.com\/?s={search_term_string}"},"query-input":"required name=search_term_string"}],"inLanguage":"es"},{"@type":"WebPage","@id":"https:\/\/cofradiasanantonmurcia.com\/index.php\/himno-3\/#webpage","url":"https:\/\/cofradiasanantonmurcia.com\/index.php\/himno-3\/","name":"Himno","isPartOf":{"@id":"http:\/\/cofradiasanantonmurcia.com\/#website"},"datePublished":"2019-08-16T18:58:04+00:00","dateModified":"2024-09-10T10:37:46+00:00","breadcrumb":{"@id":"https:\/\/cofradiasanantonmurcia.com\/index.php\/himno-3\/#breadcrumb"},"inLanguage":"es","potentialAction":[{"@type":"ReadAction","target":["https:\/\/cofradiasanantonmurcia.com\/index.php\/himno-3\/"]}]},{"@type":"BreadcrumbList","@id":"https:\/\/cofradiasanantonmurcia.com\/index.php\/himno-3\/#breadcrumb","itemListElement":[{"@type":"ListItem","position":1,"name":"Portada","item":"https:\/\/cofradiasanantonmurcia.com\/"},{"@type":"ListItem","position":2,"name":"Himno"}]}]}},"_links":{"self":[{"href":"https:\/\/cofradiasanantonmurcia.com\/index.php\/wp-json\/wp\/v2\/pages\/109","targetHints":{"allow":["GET"]}}],"collection":[{"href":"https:\/\/cofradiasanantonmurcia.com\/index.php\/wp-json\/wp\/v2\/pages"}],"about":[{"href":"https:\/\/cofradiasanantonmurcia.com\/index.php\/wp-json\/wp\/v2\/types\/page"}],"author":[{"embeddable":true,"href":"https:\/\/cofradiasanantonmurcia.com\/index.php\/wp-json\/wp\/v2\/users\/1"}],"replies":[{"embeddable":true,"href":"https:\/\/cofradiasanantonmurcia.com\/index.php\/wp-json\/wp\/v2\/comments?post=109"}],"version-history":[{"count":24,"href":"https:\/\/cofradiasanantonmurcia.com\/index.php\/wp-json\/wp\/v2\/pages\/109\/revisions"}],"predecessor-version":[{"id":4329,"href":"https:\/\/cofradiasanantonmurcia.com\/index.php\/wp-json\/wp\/v2\/pages\/109\/revisions\/4329"}],"wp:attachment":[{"href":"https:\/\/cofradiasanantonmurcia.com\/index.php\/wp-json\/wp\/v2\/media?parent=109"}],"curies":[{"name":"wp","href":"https:\/\/api.w.org\/{rel}","templated":true}]}}