{"id":34,"date":"2019-08-13T13:46:06","date_gmt":"2019-08-13T11:46:06","guid":{"rendered":"http:\/\/cofradiasanantonmurcia.com\/?page_id=34"},"modified":"2019-08-23T22:01:49","modified_gmt":"2019-08-23T20:01:49","slug":"san-anton","status":"publish","type":"page","link":"https:\/\/cofradiasanantonmurcia.com\/index.php\/san-anton\/","title":{"rendered":"San Ant\u00f3n"},"content":{"rendered":"<p>&nbsp;<\/p>\n<p><strong>San Ant\u00f3n<\/strong><\/p>\n<figure id=\"attachment_68\" aria-describedby=\"caption-attachment-68\" style=\"width: 200px\" class=\"wp-caption alignright\"><img loading=\"lazy\" decoding=\"async\" class=\"wp-image-68\" src=\"http:\/\/cofradiasanantonmurcia.com\/wp-content\/uploads\/2019\/08\/Imagen-San-Ant\u00f3n-200x300.jpg\" alt=\"\" width=\"200\" height=\"300\" srcset=\"https:\/\/cofradiasanantonmurcia.com\/wp-content\/uploads\/2019\/08\/Imagen-San-Ant\u00f3n-200x300.jpg 200w, https:\/\/cofradiasanantonmurcia.com\/wp-content\/uploads\/2019\/08\/Imagen-San-Ant\u00f3n-768x1152.jpg 768w, https:\/\/cofradiasanantonmurcia.com\/wp-content\/uploads\/2019\/08\/Imagen-San-Ant\u00f3n-683x1024.jpg 683w\" sizes=\"auto, (max-width: 200px) 100vw, 200px\" \/><figcaption id=\"caption-attachment-68\" class=\"wp-caption-text\">San Ant\u00f3n en su altar<\/figcaption><\/figure>\n<p>El santo ermita\u00f1o, con h\u00e1bito de grandes cruces en forma de &#8216;T&#8217;, ataca decididamente al drag\u00f3n que se revuelve a sus pies, hiri\u00e9ndole con el b\u00e1culo, y contiguamente aparece un &#8216;animalito&#8217;, que rememora la protecci\u00f3n que el Santo ofrece a \u00e9stos seg\u00fan la hagiograf\u00eda (en el himno actual tambi\u00e9n referencia esa protecci\u00f3n). La cabeza, de verdadera antolog\u00eda escult\u00f3rica, vigorosamente abocetada, muestra la profunda turbaci\u00f3n que siente. La barba, abundante, los cabellos agitados y las mismas arrugas acusan un extremado realismo, acorde con la figura de la que emana una nobleza venerable. La expresi\u00f3n ostentosa de las facciones revela una airado movimiento interior de agitaci\u00f3n. Las ropas son de sencilla factura y pintura pobre.<\/p>\n<p><strong>La ermita<\/strong><\/p>\n<p>En Murcia, el 14 de febrero de 1447, Gil Rodr\u00edguez de Junter\u00f3n propone, en nombre de la Cofrad\u00eda de San Ant\u00f3n, a Pedro Ponce como casero de la residencia y ermita. M\u00e1s tarde, se agregar\u00eda a \u00e9ste un fraile venido de Castrojeriz (Burgos) como guardi\u00e1n de la ermita.<br \/>\nCiudadanos ilustres constitu\u00edan la cofrad\u00eda, que adem\u00e1s de un lugar de culto y devoci\u00f3n popular, constitu\u00eda un n\u00facleo esencial de sociabilidad, al tiempo que sus fiestas supon\u00edan un gran acontecimiento para la ciudad.<\/p>\n<p>La riada de San Calixto en 1651 produjo graves da\u00f1os en la ermita y el peque\u00f1o hospital contiguo, pero hasta cuarenta y ocho a\u00f1os despu\u00e9s no se pudieron llevar a cabo las obras de reparaci\u00f3n, con la intervenci\u00f3n del Obispo Antonio Medina Chac\u00f3n. El Cardenal Belluga coste\u00f3 el escudo, puesto en el dintel del hospital. En 1770 se terminan las obras de reconstrucci\u00f3n. Felipe V le dio el t\u00edtulo de Real Casa, incluyendo las armas de Castilla y el tois\u00f3n de oro en el emblema her\u00e1ldico como signo de protecci\u00f3n regia.<\/p>\n<figure id=\"attachment_74\" aria-describedby=\"caption-attachment-74\" style=\"width: 225px\" class=\"wp-caption alignleft\"><img loading=\"lazy\" decoding=\"async\" class=\"wp-image-74 size-medium\" src=\"http:\/\/cofradiasanantonmurcia.com\/wp-content\/uploads\/2019\/08\/fachada-ermita-225x300.jpg\" alt=\"\" width=\"225\" height=\"300\" srcset=\"https:\/\/cofradiasanantonmurcia.com\/wp-content\/uploads\/2019\/08\/fachada-ermita-225x300.jpg 225w, https:\/\/cofradiasanantonmurcia.com\/wp-content\/uploads\/2019\/08\/fachada-ermita-768x1024.jpg 768w\" sizes=\"auto, (max-width: 225px) 100vw, 225px\" \/><figcaption id=\"caption-attachment-74\" class=\"wp-caption-text\">Fachada<\/figcaption><\/figure>\n<figure id=\"attachment_75\" aria-describedby=\"caption-attachment-75\" style=\"width: 164px\" class=\"wp-caption alignright\"><img loading=\"lazy\" decoding=\"async\" class=\"wp-image-75\" src=\"http:\/\/cofradiasanantonmurcia.com\/wp-content\/uploads\/2019\/08\/IMG_20190813_194251-288x300.jpg\" alt=\"\" width=\"164\" height=\"171\" srcset=\"https:\/\/cofradiasanantonmurcia.com\/wp-content\/uploads\/2019\/08\/IMG_20190813_194251-288x300.jpg 288w, https:\/\/cofradiasanantonmurcia.com\/wp-content\/uploads\/2019\/08\/IMG_20190813_194251-768x801.jpg 768w, https:\/\/cofradiasanantonmurcia.com\/wp-content\/uploads\/2019\/08\/IMG_20190813_194251-981x1024.jpg 981w\" sizes=\"auto, (max-width: 164px) 100vw, 164px\" \/><figcaption id=\"caption-attachment-75\" class=\"wp-caption-text\">Relieve del santo<\/figcaption><\/figure>\n<p>La decadencia de esta instituci\u00f3n ser\u00eda a finales del siglo XVIII por la aminoraci\u00f3n de enfermos contagiosos, de manera que en 1787 el Papa P\u00edo VI decret\u00f3 la extinci\u00f3n de la Orden de los Hermanos de San Ant\u00f3n a petici\u00f3n del Rey Carlos III, por haber desaparecido los motivos que dieron origen a esta instituci\u00f3n. El Ayuntamiento fue vendiendo los terrenos y propiedades del hospital a particulares, quedando s\u00f3lo la ermita, que gozaba de gran devoci\u00f3n por la protecci\u00f3n que el santo ejerc\u00eda contra las epidemias de los animales. El interior, completamente remozado, tiene una sola nave con altares laterales y un peque\u00f1o presbiterio rectangular. El coro se alza a los pies. Es un templo en el que se marca el \u00e1rea del cimborrio con cuatro pilastrones salientes, formando un cuadrado, sobre el que se alza una c\u00fapula octogonal. La transici\u00f3n del cuadrado al oct\u00f3gono se hace por medio de pechinas. Al exterior presenta una fachada constituida por gran lienzo liso en el que se ubica la portada, con dos pilastras, sobre sendos pedestales entre las que se sit\u00faa un dintel ornamentado con tres recuadros. Sobre el entablamento se sit\u00faa un front\u00f3n curvo, partido, cuyo interior alberga un relieve del santo titular; encima se abre un \u00f3culo decorado con una gran clave; todo ello coronado\u00a0 por un front\u00f3n curvo, partido, en cuyo centro se sit\u00faa una peque\u00f1a espada\u00f1a.<\/p>\n<p>El inter\u00e9s principal de la ermita est\u00e1 en que alberga una de las im\u00e1genes m\u00e1s expresivas de Francisco Salzillo, el \u201cSan Ant\u00f3n\u201d, que da nombre a la ermita.<\/p>\n","protected":false},"excerpt":{"rendered":"<p>&nbsp; San Ant\u00f3n El santo ermita\u00f1o, con h\u00e1bito de grandes cruces en forma de &#8216;T&#8217;, ataca decididamente al drag\u00f3n que se revuelve a sus pies, hiri\u00e9ndole con el b\u00e1culo, y contiguamente aparece un &#8216;animalito&#8217;, que rememora la protecci\u00f3n que el Santo ofrece&hellip;<\/p>\n","protected":false},"author":1,"featured_media":68,"parent":0,"menu_order":0,"comment_status":"closed","ping_status":"closed","template":"","meta":{"_monsterinsights_skip_tracking":false,"_monsterinsights_sitenote_active":false,"_monsterinsights_sitenote_note":"","_monsterinsights_sitenote_category":0,"ngg_post_thumbnail":0,"footnotes":""},"class_list":["post-34","page","type-page","status-publish","has-post-thumbnail","hentry"],"yoast_head":"<!-- This site is optimized with the Yoast SEO plugin v17.9 - https:\/\/yoast.com\/wordpress\/plugins\/seo\/ -->\n<title>San Ant\u00f3n<\/title>\n<meta name=\"robots\" content=\"index, follow, max-snippet:-1, max-image-preview:large, max-video-preview:-1\" \/>\n<link rel=\"canonical\" href=\"https:\/\/cofradiasanantonmurcia.com\/index.php\/san-anton\/\" \/>\n<meta property=\"og:locale\" content=\"es_ES\" \/>\n<meta property=\"og:type\" content=\"article\" \/>\n<meta property=\"og:title\" content=\"San Ant\u00f3n\" \/>\n<meta property=\"og:description\" content=\"&nbsp; San Ant\u00f3n El santo ermita\u00f1o, con h\u00e1bito de grandes cruces en forma de &#8216;T&#8217;, ataca decididamente al drag\u00f3n que se revuelve a sus pies, hiri\u00e9ndole con el b\u00e1culo, y contiguamente aparece un &#8216;animalito&#8217;, que rememora la protecci\u00f3n que el Santo ofrece&hellip;\" \/>\n<meta property=\"og:url\" content=\"https:\/\/cofradiasanantonmurcia.com\/index.php\/san-anton\/\" \/>\n<meta property=\"og:site_name\" content=\"Real y Muy Ilustre Cofrad\u00eda de San Ant\u00f3n\" \/>\n<meta property=\"article:publisher\" content=\"https:\/\/www.facebook.com\/RealYMuyIlustreCofradiaSanAntonMurcia\/\" \/>\n<meta property=\"article:modified_time\" content=\"2019-08-23T20:01:49+00:00\" \/>\n<meta property=\"og:image\" content=\"https:\/\/cofradiasanantonmurcia.com\/wp-content\/uploads\/2019\/08\/Imagen-San-Ant\u00f3n-683x1024.jpg\" \/>\n\t<meta property=\"og:image:width\" content=\"683\" \/>\n\t<meta property=\"og:image:height\" content=\"1024\" \/>\n\t<meta property=\"og:image:type\" content=\"image\/jpeg\" \/>\n<meta name=\"twitter:card\" content=\"summary_large_image\" \/>\n<meta name=\"twitter:site\" content=\"@sanantoncofrad\" \/>\n<meta name=\"twitter:label1\" content=\"Tiempo de lectura\" \/>\n\t<meta name=\"twitter:data1\" content=\"3 minutos\" \/>\n<script type=\"application\/ld+json\" class=\"yoast-schema-graph\">{\"@context\":\"https:\/\/schema.org\",\"@graph\":[{\"@type\":\"Organization\",\"@id\":\"http:\/\/cofradiasanantonmurcia.com\/#organization\",\"name\":\"Real y Muy Ilustre Cofrad\\u00eda de San Ant\\u00f3n\",\"url\":\"http:\/\/cofradiasanantonmurcia.com\/\",\"sameAs\":[\"https:\/\/www.facebook.com\/RealYMuyIlustreCofradiaSanAntonMurcia\/\",\"https:\/\/www.instagram.com\/cofradiasananton\/\",\"https:\/\/twitter.com\/sanantoncofrad\"],\"logo\":{\"@type\":\"ImageObject\",\"@id\":\"http:\/\/cofradiasanantonmurcia.com\/#logo\",\"inLanguage\":\"es\",\"url\":\"http:\/\/cofradiasanantonmurcia.com\/wp-content\/uploads\/2019\/08\/FB_IMG_1517187655267-1.jpg\",\"contentUrl\":\"http:\/\/cofradiasanantonmurcia.com\/wp-content\/uploads\/2019\/08\/FB_IMG_1517187655267-1.jpg\",\"width\":1030,\"height\":1700,\"caption\":\"Real y Muy Ilustre Cofrad\\u00eda de San Ant\\u00f3n\"},\"image\":{\"@id\":\"http:\/\/cofradiasanantonmurcia.com\/#logo\"}},{\"@type\":\"WebSite\",\"@id\":\"http:\/\/cofradiasanantonmurcia.com\/#website\",\"url\":\"http:\/\/cofradiasanantonmurcia.com\/\",\"name\":\"Real y Muy Ilustre Cofrad\\u00eda de San Ant\\u00f3n\",\"description\":\"Web oficial\",\"publisher\":{\"@id\":\"http:\/\/cofradiasanantonmurcia.com\/#organization\"},\"potentialAction\":[{\"@type\":\"SearchAction\",\"target\":{\"@type\":\"EntryPoint\",\"urlTemplate\":\"http:\/\/cofradiasanantonmurcia.com\/?s={search_term_string}\"},\"query-input\":\"required name=search_term_string\"}],\"inLanguage\":\"es\"},{\"@type\":\"ImageObject\",\"@id\":\"https:\/\/cofradiasanantonmurcia.com\/index.php\/san-anton\/#primaryimage\",\"inLanguage\":\"es\",\"url\":\"https:\/\/cofradiasanantonmurcia.com\/wp-content\/uploads\/2019\/08\/Imagen-San-Ant\\u00f3n.jpg\",\"contentUrl\":\"https:\/\/cofradiasanantonmurcia.com\/wp-content\/uploads\/2019\/08\/Imagen-San-Ant\\u00f3n.jpg\",\"width\":4000,\"height\":6000},{\"@type\":\"WebPage\",\"@id\":\"https:\/\/cofradiasanantonmurcia.com\/index.php\/san-anton\/#webpage\",\"url\":\"https:\/\/cofradiasanantonmurcia.com\/index.php\/san-anton\/\",\"name\":\"San Ant\\u00f3n\",\"isPartOf\":{\"@id\":\"http:\/\/cofradiasanantonmurcia.com\/#website\"},\"primaryImageOfPage\":{\"@id\":\"https:\/\/cofradiasanantonmurcia.com\/index.php\/san-anton\/#primaryimage\"},\"datePublished\":\"2019-08-13T11:46:06+00:00\",\"dateModified\":\"2019-08-23T20:01:49+00:00\",\"breadcrumb\":{\"@id\":\"https:\/\/cofradiasanantonmurcia.com\/index.php\/san-anton\/#breadcrumb\"},\"inLanguage\":\"es\",\"potentialAction\":[{\"@type\":\"ReadAction\",\"target\":[\"https:\/\/cofradiasanantonmurcia.com\/index.php\/san-anton\/\"]}]},{\"@type\":\"BreadcrumbList\",\"@id\":\"https:\/\/cofradiasanantonmurcia.com\/index.php\/san-anton\/#breadcrumb\",\"itemListElement\":[{\"@type\":\"ListItem\",\"position\":1,\"name\":\"Portada\",\"item\":\"https:\/\/cofradiasanantonmurcia.com\/\"},{\"@type\":\"ListItem\",\"position\":2,\"name\":\"San Ant\\u00f3n\"}]}]}<\/script>\n<!-- \/ Yoast SEO plugin. -->","yoast_head_json":{"title":"San Ant\u00f3n","robots":{"index":"index","follow":"follow","max-snippet":"max-snippet:-1","max-image-preview":"max-image-preview:large","max-video-preview":"max-video-preview:-1"},"canonical":"https:\/\/cofradiasanantonmurcia.com\/index.php\/san-anton\/","og_locale":"es_ES","og_type":"article","og_title":"San Ant\u00f3n","og_description":"&nbsp; San Ant\u00f3n El santo ermita\u00f1o, con h\u00e1bito de grandes cruces en forma de &#8216;T&#8217;, ataca decididamente al drag\u00f3n que se revuelve a sus pies, hiri\u00e9ndole con el b\u00e1culo, y contiguamente aparece un &#8216;animalito&#8217;, que rememora la protecci\u00f3n que el Santo ofrece&hellip;","og_url":"https:\/\/cofradiasanantonmurcia.com\/index.php\/san-anton\/","og_site_name":"Real y Muy Ilustre Cofrad\u00eda de San Ant\u00f3n","article_publisher":"https:\/\/www.facebook.com\/RealYMuyIlustreCofradiaSanAntonMurcia\/","article_modified_time":"2019-08-23T20:01:49+00:00","og_image":[{"width":683,"height":1024,"url":"https:\/\/cofradiasanantonmurcia.com\/wp-content\/uploads\/2019\/08\/Imagen-San-Ant\u00f3n-683x1024.jpg","type":"image\/jpeg"}],"twitter_card":"summary_large_image","twitter_site":"@sanantoncofrad","twitter_misc":{"Tiempo de lectura":"3 minutos"},"schema":{"@context":"https:\/\/schema.org","@graph":[{"@type":"Organization","@id":"http:\/\/cofradiasanantonmurcia.com\/#organization","name":"Real y Muy Ilustre Cofrad\u00eda de San Ant\u00f3n","url":"http:\/\/cofradiasanantonmurcia.com\/","sameAs":["https:\/\/www.facebook.com\/RealYMuyIlustreCofradiaSanAntonMurcia\/","https:\/\/www.instagram.com\/cofradiasananton\/","https:\/\/twitter.com\/sanantoncofrad"],"logo":{"@type":"ImageObject","@id":"http:\/\/cofradiasanantonmurcia.com\/#logo","inLanguage":"es","url":"http:\/\/cofradiasanantonmurcia.com\/wp-content\/uploads\/2019\/08\/FB_IMG_1517187655267-1.jpg","contentUrl":"http:\/\/cofradiasanantonmurcia.com\/wp-content\/uploads\/2019\/08\/FB_IMG_1517187655267-1.jpg","width":1030,"height":1700,"caption":"Real y Muy Ilustre Cofrad\u00eda de San Ant\u00f3n"},"image":{"@id":"http:\/\/cofradiasanantonmurcia.com\/#logo"}},{"@type":"WebSite","@id":"http:\/\/cofradiasanantonmurcia.com\/#website","url":"http:\/\/cofradiasanantonmurcia.com\/","name":"Real y Muy Ilustre Cofrad\u00eda de San Ant\u00f3n","description":"Web oficial","publisher":{"@id":"http:\/\/cofradiasanantonmurcia.com\/#organization"},"potentialAction":[{"@type":"SearchAction","target":{"@type":"EntryPoint","urlTemplate":"http:\/\/cofradiasanantonmurcia.com\/?s={search_term_string}"},"query-input":"required name=search_term_string"}],"inLanguage":"es"},{"@type":"ImageObject","@id":"https:\/\/cofradiasanantonmurcia.com\/index.php\/san-anton\/#primaryimage","inLanguage":"es","url":"https:\/\/cofradiasanantonmurcia.com\/wp-content\/uploads\/2019\/08\/Imagen-San-Ant\u00f3n.jpg","contentUrl":"https:\/\/cofradiasanantonmurcia.com\/wp-content\/uploads\/2019\/08\/Imagen-San-Ant\u00f3n.jpg","width":4000,"height":6000},{"@type":"WebPage","@id":"https:\/\/cofradiasanantonmurcia.com\/index.php\/san-anton\/#webpage","url":"https:\/\/cofradiasanantonmurcia.com\/index.php\/san-anton\/","name":"San Ant\u00f3n","isPartOf":{"@id":"http:\/\/cofradiasanantonmurcia.com\/#website"},"primaryImageOfPage":{"@id":"https:\/\/cofradiasanantonmurcia.com\/index.php\/san-anton\/#primaryimage"},"datePublished":"2019-08-13T11:46:06+00:00","dateModified":"2019-08-23T20:01:49+00:00","breadcrumb":{"@id":"https:\/\/cofradiasanantonmurcia.com\/index.php\/san-anton\/#breadcrumb"},"inLanguage":"es","potentialAction":[{"@type":"ReadAction","target":["https:\/\/cofradiasanantonmurcia.com\/index.php\/san-anton\/"]}]},{"@type":"BreadcrumbList","@id":"https:\/\/cofradiasanantonmurcia.com\/index.php\/san-anton\/#breadcrumb","itemListElement":[{"@type":"ListItem","position":1,"name":"Portada","item":"https:\/\/cofradiasanantonmurcia.com\/"},{"@type":"ListItem","position":2,"name":"San Ant\u00f3n"}]}]}},"_links":{"self":[{"href":"https:\/\/cofradiasanantonmurcia.com\/index.php\/wp-json\/wp\/v2\/pages\/34","targetHints":{"allow":["GET"]}}],"collection":[{"href":"https:\/\/cofradiasanantonmurcia.com\/index.php\/wp-json\/wp\/v2\/pages"}],"about":[{"href":"https:\/\/cofradiasanantonmurcia.com\/index.php\/wp-json\/wp\/v2\/types\/page"}],"author":[{"embeddable":true,"href":"https:\/\/cofradiasanantonmurcia.com\/index.php\/wp-json\/wp\/v2\/users\/1"}],"replies":[{"embeddable":true,"href":"https:\/\/cofradiasanantonmurcia.com\/index.php\/wp-json\/wp\/v2\/comments?post=34"}],"version-history":[{"count":19,"href":"https:\/\/cofradiasanantonmurcia.com\/index.php\/wp-json\/wp\/v2\/pages\/34\/revisions"}],"predecessor-version":[{"id":209,"href":"https:\/\/cofradiasanantonmurcia.com\/index.php\/wp-json\/wp\/v2\/pages\/34\/revisions\/209"}],"wp:featuredmedia":[{"embeddable":true,"href":"https:\/\/cofradiasanantonmurcia.com\/index.php\/wp-json\/wp\/v2\/media\/68"}],"wp:attachment":[{"href":"https:\/\/cofradiasanantonmurcia.com\/index.php\/wp-json\/wp\/v2\/media?parent=34"}],"curies":[{"name":"wp","href":"https:\/\/api.w.org\/{rel}","templated":true}]}}